he highest common divisor of u and 65?
13
Let s be 45/5*(-20)/(-8)*2. What is the greatest common factor of s and 9?
9
Let a be ((-6208)/(-582))/(((-4)/(-3))/2). What is the highest common divisor of 376 and a?
8
Let g be (-3 + 3 + -1)/((-4)/76). Suppose 13*i - g + 6 = 0. Calculate the highest common divisor of i and 3.
1
Suppose d + d - 2 = 0. Let c(o) = -11*o + 55. Let s be c(4). What is the greatest common factor of d and s?
1
Let i be -2*3 - (0 + -4 + 1). Let g be 53 - (5 - 6) - i. What is the highest common divisor of 114 and g?
57
Suppose 0 = d + 150 - 234. Calculate the highest common divisor of d and 36.
12
Let i(s) = -s**3 - 4*s**2 - 36*s - 10. Let t be i(-5). What is the greatest common divisor of t and 345?
15
Let u = -4 - -9. Let c = 7 - u. Suppose -28 - 56 = -c*i. Calculate the highest common divisor of 105 and i.
21
Suppose -51*t - 50024 = -88*t. Calculate the greatest common divisor of t and 156.
52
Let s be (-186)/(-15) - (-4)/(-10). Suppose -3*a - 3*g + s = 0, -6 + 30 = 3*a - g. Let m be (25/2)/(a/98). Calculate the highest common divisor of 25 and m.
25
Let z be 6 + (2 + 2 - 8). Let s be (-2 - z*-2)*(-6 + 15). Calculate the greatest common divisor of 2 and s.
2
Let d(b) = -141*b + 1. Let q be d(2). Let i = q + 446. Let z(r) = 7*r + 31. Let s be z(5). Calculate the greatest common divisor of i and s.
33
Suppose 0*t - 4*t + 120 = 0. Suppose 15 + t = 5*z. Let v(u) = u**3 - 6*u**2 + 6*u - 2. Let w be v(5). Calculate the greatest common factor of z and w.
3
Suppose 3*h = 5*n - 711, 14*n - 18*n = -3*h - 567. What is the highest common factor of 192 and n?
48
Let a be (-39)/3*2/(-2). Suppose 0 = -2*c + 5 + 5. Let h be (-2 + 1)*(-31 + c). What is the greatest common factor of a and h?
13
Let r = -263 - -733. Calculate the greatest common divisor of 10 and r.
10
Let d = -1 - 5. Suppose 7*q = 3*q, 225 = -u - 2*q. Let b be (16/d)/(5/u). Calculate the greatest common factor of 48 and b.
24
Let z = 46 + -11. Let u = z + 3. Let w = 78 + -21. Calculate the highest common divisor of u and w.
19
Let r be (2745/(-30))/(1*1/(-4)). Calculate the greatest common factor of 12 and r.
6
Suppose -d + 167 - 918 = -4*j, -3*d + 204 = j. Calculate the greatest common factor of j and 28.
7
Let u(v) = v**3 - 21*v**2 - 13*v + 57. Let k be u(25). Calculate the greatest common divisor of 9 and k.
9
Suppose b - 35 = 20. What is the highest common divisor of 33 and b?
11
Suppose -1 = a - 3. Let l be a - ((-2)/6 - 658/42). Calculate the greatest common factor of 18 and l.
18
Let a = -16 + 16. Let j = a + -9. Let r = 24 + j. Calculate the highest common divisor of r and 6.
3
Let i(c) = c**2 - 4*c + 18. Let y be ((-56)/(-20) - 2)/(4/30). Let v be i(y). What is the highest common factor of v and 120?
30
Suppose -14 = 3*g - 4*i, 2*g = -g - 5*i + 31. Suppose 2 = -g*d - 2*d - 3*b, 3*d + 7 = -5*b. Calculate the greatest common factor of d and 8.
1
Let m(n) = -n + 5. Let a be m(2). Suppose a*l + 6*l = 1620. Calculate the greatest common divisor of l and 36.
36
Suppose 86 = 4*b + 26. What is the greatest common factor of b and 60?
15
Suppose 751*j = 752*j - 70. What is the greatest common factor of j and 28?
14
Let k be 14*1 + (33 - 37). Calculate the highest common factor of k and 1100.
10
Let s(t) = 2*t - 6. Let j be s(4). Suppose 5 - 17 = -j*o. Suppose -5*b - o = -3*p + 20, -4*b - 4 = 0. What is the greatest common divisor of 1 and p?
1
Let a be (-5 - 0)*144/(-20). Let o(w) = -w**2 + 24*w + 9. Let j be o(24). What is the highest common divisor of a and j?
9
Let r = 60 + -64. Let l = -8 + 16. Let w = r + l. What is the greatest common divisor of w and 12?
4
Let o = -114 - -101. Let t = o + 62. Calculate the greatest common factor of t and 7.
7
Let s be 47 + (-8 - -6)*1. Calculate the highest common factor of s and 5.
5
Suppose -3*h = z + 30, 0*z = -4*z + 5*h - 188. Let t = z + 88. Calculate the greatest common factor of 69 and t.
23
Let i(n) = -n - 2. Let l be i(-7). Suppose -5*g - 2*j + 2 = -21, -l = -2*g - 5*j. What is the highest common factor of 35 and g?
5
Let n = -392 - -456. What is the greatest common divisor of n and 352?
32
Let o = 605 - 594. Calculate the greatest common divisor of o and 363.
11
Suppose 0*c = -c + 84. Suppose -4*g + 4 = 0, -8*x + 2*g - 14 = -9*x. What is the highest common divisor of c and x?
12
Let s = 22 + -20. Suppose o + 4*w - 56 - 36 = 0, -s*w + 532 = 5*o. Calculate the highest common factor of o and 12.
12
Suppose 5*a - 2*x = -4, -2*a - a - 3*x - 15 = 0. Let k be 444/10 - a/(-5). Let n(j) = 5*j**2 - j. Let l be n(1). What is the greatest common divisor of k and l?
4
Suppose 8 = m - 4*h, -4*m + 29 = 4*h - 123. Suppose 0 = 3*i - 3 - 0. Calculate the greatest common factor of i and m.
1
Let b(w) = 9*w + 9. Let z be b(9). Let c be 4062/z - 4/30. Let y = -3 + 21. Calculate the highest common factor of y and c.
9
Let s(o) = 12*o**2. Let m be s(-2). Let d(i) = -3*i**2 + 191*i + 96. Let c be d(64). What is the greatest common factor of m and c?
16
Suppose 0 = 5*t - k - 6, -6*k + 8 = -4*t - 2*k. Calculate the highest common factor of t and 19.
1
Let w = 729 - 675. Calculate the highest common divisor of 1566 and w.
54
Suppose -21*x + 23*x = 20. What is the highest common divisor of x and 470?
10
Suppose -2*f - 33 = -4*f + n, -4*f = n - 63. Let h = f + -10. Calculate the highest common factor of 66 and h.
6
Let x = 0 + 22. Suppose 0*c + x = 2*y - 4*c, c - 19 = -3*y. What is the highest common divisor of 49 and y?
7
Let b be ((-42)/(-2))/((-1)/(-6)). Let i = b - -6. What is the highest common divisor of 12 and i?
12
Let f be (13/((-13)/1296))/(21/(-14)). Calculate the greatest common factor of f and 96.
96
Suppose -4*u - 4*o + 12 = -0*u, 2*o + 43 = 5*u. Let s(n) = 6*n - 2. Let b be s(5). What is the greatest common divisor of b and u?
7
Let v be (-7)/((-56)/(-6))*-4. Suppose -v*r + 50 = 8. What is the highest common divisor of 14 and r?
14
Let t = 1 + 17. Suppose v + t = w - 21, 5*w + v = 195. What is the greatest common divisor of w and 429?
39
Let p(g) = -g**2 + 7*g + 9. Let a be p(8). Let n be -4*a/1 + (25 - 2). What is the highest common divisor of 38 and n?
19
Suppose -1 - 1 = -i. Let r = 103 - 97. What is the greatest common factor of r and i?
2
Let t(a) = a**2 - 20*a + 22. Let g be t(21). What is the greatest common divisor of 43 and g?
43
Suppose 10*u + 2 = 62. Calculate the highest common factor of 192 and u.
6
Let g = 22 - 2. Let x be g/(-8)*(3 - 1). Let l(i) = -2*i + 4. Let t be l(x). What is the greatest common factor of t and 21?
7
Let r be 10/(-60)*-18*10/6. What is the greatest common factor of r and 110?
5
Let v = 200 - 113. Let c(p) = -p**3 - p**2 - 23*p - 82. Let d be c(-4). What is the greatest common divisor of v and d?
29
Let a(f) be the third derivative of -2/3*f**3 - 1/12*f**4 - 5*f**2 + 0 + 0*f. Let w be a(-5). Calculate the greatest common factor of 3 and w.
3
Let o = 187 - 151. What is the highest common factor of 306 and o?
18
Suppose 0*a + 3 = 3*a, -b - 3*a = -11. Suppose 5*s = -2*t + 58, 2*s - 31*t - 25 = -30*t. Calculate the highest common factor of s and b.
4
Let q = 265 + -258. What is the greatest common divisor of q and 973?
7
Let h be 1 + (1 + 55)/2. Let a be (-1)/((-10)/(-725))*(-320)/200. Calculate the highest common divisor of h and a.
29
Let k = 283 + -190. Calculate the greatest common factor of k and 279.
93
Let y be (-38)/76 + (-36)/(-8). Let u(x) = -10*x**2 + 3*x + 1. Let v be u(3). Let r = -36 - v. What is the greatest common factor of r and y?
4
Let t(y) = 2*y**3 - 41*y**2 + 19*y + 44. Let g be t(20). Let v = -17 - -20. Calculate the greatest common divisor of v and g.
3
Let c be 14/((-28)/3) - (-524)/8. Calculate the highest common factor of 112 and c.
16
Let d = 6 - 5. Let j(q) be the first derivative of 11*q**2/2 + q - 2. Let h be j(d). Calculate the highest common divisor of h and 132.
12
Let l(d) = -24*d + 4. Let t be l(-5). Suppose -6*y = 34 - t. Calculate the greatest common divisor of 165 and y.
15
Let g be (6 - -94)/4 - 5. Suppose 4*x - 4*i = -i + 80, 0 = x - 4*i - 20. What is the greatest common factor of g and x?
20
Let b be (2 + -45)*(67 - -5)/(-8). Calculate the highest common divisor of b and 86.
43
Let z be -3*(-18 - 10/(-5)). Let x = -45 + z. Calculate the greatest common divisor o